t is the units digit of j?
8
Let t = 449 + -281. What is the hundreds digit of t?
1
Suppose 3*r = -3*w + 30, -w - 15 = -5*r + r. Suppose -2 = 4*x - m - 12, 18 = w*x - 4*m. Suppose x*g + 3*g - 85 = 0. What is the units digit of g?
7
Let g(c) = 11*c**2 + 2*c + 2. What is the units digit of g(-2)?
2
Suppose -11 = 2*r - 1. Let k(t) = t**2 + 5*t. Let v be k(r). Let f(h) = -h + 3. What is the units digit of f(v)?
3
Suppose -85 = -3*a - 1. What is the units digit of a?
8
Let h(l) = l. Let y be h(0). Let s(d) = d + 11. Let c be s(y). Let q = -4 + c. What is the units digit of q?
7
Suppose 4*n + 12 = 4*j + 3*n, -5*j + 3*n + 22 = 0. Suppose 4*h + 18 = j*h. What is the units digit of (-34)/h + 8/36?
4
Suppose z + 2*a - 2 = 0, -2*a + 7 = 2*z - a. Suppose z*v - 12 = -2*r, 0*v - 9 = 4*r - 3*v. What is the units digit of 0 + 5 + (r - 2)?
3
Suppose 12 = 3*v - 0*v, -c = -5*v - 3. Let j = c + -10. What is the units digit of j?
3
Suppose -6*z + u = -11*z + 1031, -4 = -4*u. What is the tens digit of z?
0
Suppose 3*k = 5*s - 2*k - 1120, 4*k = -5*s + 1129. What is the hundreds digit of s?
2
Suppose 4*i + 3*w - 190 - 6 = 0, 5*i - 272 = 3*w. What is the tens digit of i?
5
Suppose -p + 3*d + 249 = 0, -5*d + 176 = 2*p - 366. What is the units digit of p?
1
Suppose 0 = -0*v + 3*v - 12. Suppose 15 = 3*i, i + 9 = v*c - 6. What is the units digit of 4/2 - (-1 - c)?
8
Suppose 3*t - 15 = -3*z, 4*t - 5*z + 3 = 50. Suppose t = -2*g, 0*y + 4*y - 12 = g. What is the units digit of y?
2
Let g(v) = -v**3 + 4*v**2 - 2*v + 1. Let q be g(3). Suppose q*i = -i + 20. Suppose o - i*o = -21. What is the units digit of o?
7
Suppose -2*b = 30 + 18. What is the tens digit of -4 + b/(-1 - 0)?
2
Let v(d) = -d**3 + 5*d**2 + d + 2. Let r be ((-10)/(-4))/(2/4). What is the units digit of v(r)?
7
Suppose -2*o + 4*o = 0. Suppose i + o*i = 5. What is the units digit of i?
5
Let p be 1 + 32/6*9. Suppose -2*r = -p + 1. What is the tens digit of r?
2
Suppose 5*h + 3*g = 395, 0 = -4*h + 3*h - g + 81. What is the units digit of h?
6
Suppose 2*w + 198 = 5*w. What is the tens digit of w?
6
Let k = 3 - 2. Suppose -3*y - 3*c = y - 45, 0 = -c - k. What is the units digit of y?
2
Suppose -2*f + 99 = j, -3*j = -0*j - f - 262. What is the units digit of j?
9
Let s be (-4)/(-18) + (-58)/18. Let f be s/(-6)*(7 - -1). Suppose 2*c - i = 6, f*c - 5*i - 3 = 15. What is the units digit of c?
2
Let x be (-10)/(-4)*(-10 + 0). What is the tens digit of (-5 - -3) + (1 - x)?
2
Suppose 0 = h - 5, -n - 3*n = 3*h - 159. What is the tens digit of n?
3
Suppose -c - 6 = -4*i, 2*c = -c - 3*i - 3. What is the units digit of -1 - (-4 - (c + 5))?
6
Let l = -78 + 161. What is the tens digit of l?
8
What is the units digit of (-14)/(-1) + -3 + 3?
4
Let l(b) = -b**3 + b**2 + b. Let r(m) = -10*m**3 + m**2 + m + 1. Let j(x) = l(x) + r(x). What is the units digit of j(-1)?
2
Let q(s) = 2*s**2 - 2*s - 3. What is the units digit of q(3)?
9
Let y be (69 - -1)*(2 + 0). Suppose -d - y = -6*d. What is the tens digit of d?
2
Let x = -3 + 12. What is the units digit of x?
9
Suppose -9 = -3*q + 3. What is the tens digit of 21 + -4*2/q?
1
What is the units digit of (-86)/(-1) - -1 - 4?
3
Let v(o) = 7*o + 12. Let d(g) = 5*g - 13*g - 10 - 3. Let b(m) = -5*d(m) - 6*v(m). What is the units digit of b(-8)?
9
Let x(r) = -r - 7 + r**3 + 6*r**2 + 3 + 0*r. What is the tens digit of x(-5)?
2
Let r(w) = -w**3 + 6*w**2 + w - 6. Let l be r(5). Suppose 0*x = -2*x + l. What is the tens digit of x?
1
What is the units digit of 4/(5/((-55)/(-2)))?
2
Let x = -6 + 0. Let t be (-114)/9*x/4. Let p = -13 + t. What is the units digit of p?
6
Suppose 0 = 7*j - 4*j - 126. Let g = j + -28. What is the tens digit of g?
1
Let t be (-5 + 2)/(2/6). Let w = t - -16. What is the units digit of w?
7
What is the units digit of (((-330)/(-8))/(-3))/((-1)/28)?
5
Suppose -4*s + 7 = -93. Suppose 4*y + 3*q - s = 0, 0*y - y + 13 = 3*q. Suppose n = -2*d + 13, y*d + 0*n + 5*n = 29. What is the units digit of d?
6
Suppose 2*k = -y + 4, -3*y - 55 = 2*y - 5*k. What is the units digit of 15/4*(-32)/y?
0
Let q(a) = a**2 + a + 72. What is the units digit of q(0)?
2
Suppose 0 = 4*m - 2*m - 5*o - 248, 4*m - o = 460. What is the tens digit of m?
1
Suppose 2*d - d - 10 = 0. Suppose t = 2*t - 3*i - 35, 0 = -t - 5*i + 59. What is the units digit of t/6*15/d?
1
Let v(d) = -d**3 - d**2 - d. What is the units digit of v(-4)?
2
Let y(z) = -z - 5. Let p be y(-4). Let k = -2 - p. What is the units digit of (-1)/(k*2/12)?
6
Suppose -k + 2*k - 200 = 0. What is the hundreds digit of k?
2
Let d = -49 - -62. What is the tens digit of d?
1
Let h = 168 - 114. What is the units digit of h?
4
Let q(h) = -h + 11. Let k be q(10). Let s = k + 1. Suppose 12 = 3*g - s*g - b, 3*b + 4 = -g. What is the units digit of g?
8
Let u(l) = -l - 1. Suppose -2 = 2*y + 6. Let r be u(y). Suppose -r*g + 15 = -0*g. What is the units digit of g?
5
Let k(l) = l**2 - l + 11. Let d be k(0). Suppose -y = m - d, 4*m + m = -y + 15. What is the tens digit of y?
1
Suppose -6*t + 4 = -2*t. What is the units digit of t?
1
Let o = 86 - 50. Suppose -2*n = 3*n - 10. Suppose 0 = -5*t - 4*j + o, 4*j + n = 5*t - 42. What is the units digit of t?
8
What is the hundreds digit of (-1 + 0)*-7*(-440)/(-28)?
1
Let i be (7/(-3))/(4/12). Let n = 12 + i. Let g = 5 + n. What is the tens digit of g?
1
Suppose 0 = 2*u - 186 + 72. What is the tens digit of u?
5
Let n(i) = -i + 2. Let c be n(-8). Suppose 4*g - 9 = f, f - 16 = -3*g + c. What is the tens digit of f?
1
Let m be 1/(-2)*7*2. Let w = m - -10. Suppose -w*c + 25 = -8. What is the tens digit of c?
1
Let z = -4 + 7. Suppose -m = -z*u + m + 19, -3*u + 17 = -m. What is the units digit of u?
5
Let t be -2 + 2 + 3 + 28. Suppose 2*x = -p - 32, -2*p + 3*x - t = 5. What is the tens digit of ((-22)/8)/(6/p)?
1
Suppose 2*y + 4 = 3*z - 2*z, -4*z = -2*y - 46. Let o = z - 10. What is the units digit of o?
4
Suppose -10 = a + 4*y - 3*y, 3*y + 40 = -4*a. Let h be 2 - 4 - (-17)/1. Let g = a + h. What is the units digit of g?
5
Let h(c) = -c**3 - 5*c**2 + c + 6. Let o be h(-6). Suppose -2*b - 5*d + 2*d = -17, 5*b = -2*d + 26. Suppose p + o = b*p. What is the tens digit of p?
1
Let l be ((-2)/(-8))/(2/40). Let a(r) = r**2 - 2*r - 10. What is the units digit of a(l)?
5
What is the units digit of 1235/38*(0 + 6)?
5
Suppose 12*i - 10*i = 6. Let b(x) = x - 1 + 1. What is the units digit of b(i)?
3
Let y be (2 + -1)*(-2 - -2). Let d be 1 + -1 + y - 6. What is the units digit of d/(-3 + 0 + 2)?
6
Suppose -4*t + 0*t - 12 = 0. Let w = 1 - t. Suppose -4*n = 16, 0*n = 4*h + w*n + 4. What is the units digit of h?
3
Suppose -4*w - 5*n = -2, -4 = -5*w - 2*n + 7. Suppose 0 = w*r + 183 + 117. What is the units digit of (6/(-5))/(15/r)?
8
Suppose 0 = -11*o + 4*o + 784. What is the tens digit of o?
1
Let k(l) = 6*l + 8. Let q(u) be the third derivative of 17*u**4/24 + 4*u**3 + u**2. Let i(x) = 8*k(x) - 3*q(x). What is the tens digit of i(-6)?
1
Let z(p) = 3*p - 9. Let t = 16 - 9. What is the units digit of z(t)?
2
Suppose 4*t + 2*p = -54, -5*p = t - 10*p - 3. Let o be 219/t + (-2)/(-8). What is the units digit of 2/5 - o/5?
4
Let s(u) = -u - 3. Let o be s(-3). Suppose o*f + 3*f = 0. What is the units digit of 9 + f - (2 - 0)?
7
Let z = -121 + 175. What is the tens digit of z?
5
Let j(y) = -y**2 + 5*y + 3. Let a be j(3). Let z = a - 6. Suppose -76 = -7*k + z*k. What is the tens digit of k?
1
Let u = 32 + -12. Suppose -4*a = -40 - u. What is the tens digit of a?
1
Suppose 5*v = 5*k + 940, 3*v + k = -4*k + 532. What is the hundreds digit of v?
1
Suppose -14 = -4*s + 90. Suppose 3*i + 2 = s. What is the units digit of i?
8
Let a(w) = 11*w**2 - 5*w + 4. What is the units digit of a(3)?
8
Let b = 8 - 10. Let c be b/(-6) - 60/18. What is the units digit of -2 - (-1 - -10)/c?
1
Suppose -12 = -2*a - v, 0*v - 16 = -4*a + 2*v. Suppose 205 = a*h + 5. What is the tens digit of h?
4
Let l(w) = 45*w**2 - 4*w - 8. What is the units digit of l(-2)?
0
Let n = 3 - -45. What is the units digit of n?
8
Suppose 0 = -2*m - 2 - 78. Let w = 61 + m. What is the tens digit of w?
2
Let p be (-20)/3 - 2/(-3). What is the units digit of 2/(1 + p/8)?
8
Let a(o) be the second derivative of 1/12*o**4 + 1/6*o**3 - 1/20*o**5 - 3*o + 0 + 11/2*o**2. What is the tens digit of